base 6?
3132
What is -103323 (base 5) in base 12?
-20b0
What is -101402 (base 5) in base 16?
-d18
What is 151030 (base 6) in base 16?
389a
-3b (base 14) to base 2
-110101
What is -1d507 (base 14) in base 3?
-10210222120
What is -689 (base 11) in base 14?
-42b
2553 (base 10) to base 12
1589
Convert -52344 (base 6) to base 2.
-1101110001000
Convert -1631 (base 7) to base 2.
-1010010011
Convert 1201112 (base 3) to base 11.
a42
What is -7862 (base 15) in base 5?
-1304032
2724 (base 9) to base 14
a63
Convert 1021233 (base 4) to base 11.
3600
2204244 (base 5) to base 13
1443a
1133 (base 4) to base 12
7b
-203000 (base 4) to base 7
-6350
What is -4110 (base 5) in base 6?
-2242
What is -23097 (base 10) in base 9?
-34613
What is 150772 (base 8) in base 4?
31013322
-8 (base 9) to base 2
-1000
What is dc (base 15) in base 13?
12c
What is 482 (base 9) in base 7?
1106
What is 524 (base 16) in base 12?
918
-1001100010 (base 2) to base 6
-2454
What is 32145 (base 8) in base 14?
4c61
873 (base 10) to base 13
522
What is 12226 (base 9) in base 7?
32631
-3178 (base 11) to base 7
-15146
12121121 (base 3) to base 5
112333
What is 11212221 (base 3) in base 7?
13246
1336 (base 8) to base 6
3222
What is d37 (base 16) in base 9?
4568
Convert -1143 (base 8) to base 7.
-1532
What is 24144 (base 6) in base 5?
103040
What is -1564 (base 8) in base 4?
-31310
102102 (base 4) to base 10
1170
Convert 234034 (base 6) to base 2.
100111101100110
466 (base 15) to base 6
4340
-108 (base 13) to base 6
-453
Convert -230 (base 5) to base 12.
-55
What is 204131 (base 6) in base 8?
40127
-285 (base 14) to base 12
-365
What is -15c (base 13) in base 6?
-1050
What is -208 (base 15) in base 12?
-322
What is -2826 (base 10) in base 15?
-c86
Convert 410141 (base 5) to base 11.
9994
What is 2942 (base 13) in base 12?
3555
Convert 547a (base 11) to base 4.
1300322
What is -10602 (base 8) in base 6?
-32430
-b909 (base 16) to base 12
-234b5
-222 (base 12) to base 7
-626
-16490 (base 10) to base 16
-406a
What is -20121 (base 3) in base 4?
-2302
Convert 5aa (base 11) to base 15.
335
Convert -653 (base 14) to base 7.
-3433
Convert -4213 (base 6) to base 4.
-32301
Convert -6a26 (base 11) to base 9.
-13578
Convert -101212132 (base 4) to base 16.
-1199e
416 (base 8) to base 12
1a6
-531 (base 6) to base 16
-c7
-2b8b (base 12) to base 3
-21001122
Convert -2132212 (base 4) to base 6.
-114554
-201002 (base 3) to base 9
-632
What is 287 (base 10) in base 6?
1155
-100000101 (base 2) to base 4
-10011
What is 7663 (base 10) in base 12?
4527
-11476 (base 8) to base 11
-3779
Convert 24362 (base 9) to base 15.
4c92
What is 452 (base 7) in base 10?
233
What is 206 (base 9) in base 12?
120
What is 746 (base 13) in base 3?
1200222
Convert -7611 (base 9) to base 4.
-1113133
Convert 6847 (base 10) to base 8.
15277
-424 (base 14) to base 13
-4aa
100110110101100 (base 2) to base 6
232020
What is 3117 (base 12) in base 5?
132342
What is -370a (base 11) in base 7?
-20066
-11000 (base 4) to base 13
-1b8
Convert -1340 (base 6) to base 9.
-426
Convert -2b11c (base 13) to base 9.
-133686
What is 14010 (base 5) in base 6?
5122
What is -3e (base 16) in base 6?
-142
What is -171c (base 13) in base 15?
-1020
Convert 1bde (base 15) to base 10.
6059
11204 (base 5) to base 6
3420
-261 (base 10) to base 15
-126
What is -21022 (base 6) in base 7?
-11141
Convert 20532 (base 7) to base 15.
1780
What is 6012 (base 7) in base 13?
c30
What is -132 (base 7) in base 14?
-52
What is -64 (base 11) in base 9?
-77
What is 10111010 (base 2) in base 8?
272
Convert 657 (base 9) to base 15.
25d
Convert 313221 (base 4) to base 13.
180c
What is -32223 (base 4) in base 16?
-3ab
26445 (base 13) to base 2
10001010101111101
-502 (base 10) to base 12
-35a
What is 150 (base 10) in base 13?
b7
Convert 211122102 (base 3) to base 11.
11448
What is 11221 (base 5) in base 11?
678
-6930 (base 15) to base 11
-15851
-665 (base 11) to base 15
-382
What is -13623 (base 15) in base 9?
-104206
Convert -110010000 (base 3) to base 6.
-104513
What is 396 (base 11) in base 13?
2a0
Convert 57 (base 15) to base 12.
6a
Convert 1244422 (base 5) to base 4.
12012123
What is 3083 (base 16) in base 15?
3a2e
Convert -2031121 (base 4) to base 10.
-9049
Convert 23 (base 11) to base 4.
121
What is -2005 (base 8) in base 7?
-3000
-1102021001 (base 3) to base 12
-14184
-37375 (base 9) to base 12
-12635
What is -2154 (base 12) in base 13?
-188b
What is -21552 (base 6) in base 10?
-3020
-13484 (base 9) to base 5
-243043
What is -7710 (base 10) in base 5?
-221320
Convert -434 (base 10) to base 13.
-275
What is -2121022 (base 3) in base 5?
-30043
Convert 14534 (base 9) to base 13.
4687
Convert -10205 (base 7) to base 2.
-100111001000
146075 (base 8) to base 14
150a9
Convert 22110101 (base 3) to base 14.
2366
What is 3017 (base 11) in base 12?
23a3
-2210 (base 12) to base 5
-110011
2441330 (base 5) to base 10
46465
Convert 333 (base 5) to base 11.
85
-202122 (base 3) to base 7
-1424
What is -1851 (base 16) in base 7?
-24102
What is a1 (base 16) in base 5?
1121
Convert -1185 (base 9) to base 4.
-31313
Convert -167a (base 13) to base 15.
-eac
What is -39c0 (base 13) in base 9?
-12306
Convert 240 (base 9) to base 13.
123
-106507 (base 8) to base 7
-210305
-111221 (base 4) to base 16
-569
15841 (base 10) to base 2
11110111100001
What is 1102 (base 3) in base 2?
100110
What is -a6 (base 13) in base 8?
-210
What is -2696 (base 15) in base 4?
-2000301
What is 420301 (base 5) in base 14?
5078
-29d (base 14) to base 3
-201200
What is -3014 (base 6) in base 9?
-811
Convert 22023 (base 4) to base 3.
220010
-55bd (base 16) to base 14
-7ddb
What is -6998 (base 12) in base 3?
-121011022
What is -5391 (base 10) in base 5?
-133031
What is -1928b (base 12) in base 4?
-20331023
Convert 70a (base 11) to base 9.
1152
-323056 (base 7) to base 8
-155745
698 (base 11) to base 14
437
What is 1530 (base 13) in base 3?
11020010
Convert 1030 (base 8) to base 2.
1000011000
What is -2301 (base 7) in base 16?
-342
-25 (base 15) to base 3
-1022
Convert 439 (base 11) to base 5.
4101
What is 3120 (base 5) in base 2?
110011010
What is 519 (base 15) in base 5?
14044
5a65 (base 11) to base 16
1f00
112122 (base 3) to base 15
1b5
Convert 2695 (base 14) to base 8.
15213
Convert 13410 (base 5) to base 11.
915
101010110 (base 2) to base 15
17c
Convert 10010101 (base 3) to base 2.
100011100110
14767 (base 10) to base 7
61024
What is -20a5a (base 11) in base 9?
-45822
Convert -2212012 (base 3) to base 10.
-2084
-1837 (base 14) to base 4
-1010021
Convert -11112 (base 3) to base 13.
-95
-176d (base 15) to base 11
-3884
-3521 (base 7) to base 11
-a72
47440 (base 9) to base 11
21905
-a2e (base 16) to base 10
-2606
a298 (base 14) to base 15
8446
121000 (base 3) to base 4
12300
Convert -7c (base 16) to base 11.
-103
-31113212 (base 4) to base 16
-d5e6
-2200211 (base 3) to base 2
-11110101110
Convert -5467 (base 14) to base 11.
-aa69
Convert 22519 (base 11) to base 6.
410441
Convert 28517 (base 9) to base 10.
19375
Convert 10588 (base 10) to base 11.
7a56
522043 (base 6) to base 14
113d1
Convert -28a5 (base 13) to base 7.
-23101
Convert -91b3 (base 13) to base 3.
-1000120000
Convert b8b (base 12) to base 2.
11010011011
What is -6386 (base 9) in base 16?
-1257
43cb (base 16) to base 11
12048
-2038 (base 9) to base 4
-113111
Convert 201222 (base 3) to base 9.
658
355 (base 13) to base 12
401
What is -8a44 (base 12) in base 14?
-5820
236c (base 13) to base 9
6755
What is 11313 (base 5) in base 3?
1010212
Convert 27323 (base 9) to base 4.
10200321
-e2c (base 15) to base 10
-3192
Convert -3100303 (base 5) to base 9.
-75622
Convert -4273 (base 8) to base 14.
-b59
452b (base 12) to base 15
2412
What is 338 (base 9) in base 14?
15c
Convert -31 (base 10) to base 6.
-51
What is 9816 (base 10) in base 3?
111110120
Convert -3a4 (base 12) to base 6.
-2324
Convert -12d1 (base 15) to base 4.
-332311
Convert -100111100 (base 2) to base 3.
-102201
What is 112122101 (base 3) in base 14?
3c67
Convert 8396 (base 10) to base 7.
33323
Convert -15115 (base 7) to base 9.
-5651
What is 30422 (base 7) in base 9?
11148
What is -233120 (base 5) in base 3?
-102201010
Convert -2114 (base 7) to base 12.
-522
What is 48355 (base 11) in base 10?
69635
What is -1141 